lse
Is 30 a factor of 20510?
False
Does 7 divide 36843?
False
Does 17 divide 2055?
False
Does 80 divide 21120?
True
Does 180 divide 6480?
True
Does 41 divide 1968?
True
Is 9300 a multiple of 3?
True
Does 9 divide 675?
True
Is 75 a factor of 1762?
False
Is 20 a factor of 400?
True
Does 12 divide 4308?
True
Is 360 a multiple of 19?
False
Does 215 divide 60881?
False
Is 1322 a multiple of 18?
False
Is 14 a factor of 1696?
False
Is 305 a multiple of 7?
False
Is 412 a multiple of 27?
False
Is 17 a factor of 8024?
True
Is 13950 a multiple of 25?
True
Is 23 a factor of 878?
False
Does 65 divide 325?
True
Is 10 a factor of 959?
False
Is 63 a factor of 8757?
True
Is 7 a factor of 6062?
True
Is 8 a factor of 2228?
False
Is 2327 a multiple of 13?
True
Is 6520 a multiple of 40?
True
Does 16 divide 221?
False
Does 10 divide 6530?
True
Is 42 a multiple of 2?
True
Is 12 a factor of 5088?
True
Is 9613 even?
False
Is 228 a multiple of 12?
True
Is 260 a factor of 76910?
False
Is 7 a factor of 1455?
False
Does 13 divide 12939?
False
Does 11 divide 869?
True
Is 2113 a multiple of 20?
False
Is 31 a factor of 33192?
False
Is 21 a factor of 189?
True
Does 11 divide 998?
False
Is 64 a multiple of 38?
False
Does 151 divide 20943?
False
Is 284 a factor of 4087?
False
Is 830 a multiple of 83?
True
Does 40 divide 288?
False
Is 358 a multiple of 6?
False
Does 9 divide 122?
False
Does 31 divide 9152?
False
Is 33594 a multiple of 172?
False
Does 21 divide 65552?
False
Does 10 divide 2540?
True
Is 11 a factor of 1536?
False
Is 21 a factor of 15450?
False
Is 4 a factor of 84?
True
Is 5 even?
False
Is 252 a multiple of 63?
True
Is 1800 a multiple of 85?
False
Is 231 a multiple of 33?
True
Is 155 a multiple of 31?
True
Does 25 divide 2650?
True
Is 42441 a multiple of 129?
True
Does 6 divide 256?
False
Is 126 a factor of 19404?
True
Is 10 a factor of 37751?
False
Does 51 divide 87577?
False
Is 5423 a multiple of 11?
True
Is 126 a multiple of 11?
False
Is 1226 a multiple of 71?
False
Does 7 divide 46130?
True
Is 7878 a multiple of 39?
True
Does 6 divide 150?
True
Is 45 a factor of 22152?
False
Is 50 a factor of 10500?
True
Does 135 divide 26344?
False
Is 11 a factor of 7104?
False
Is 16 a factor of 816?
True
Does 6 divide 146?
False
Is 4 a factor of 376?
True
Is 2674 a multiple of 5?
False
Is 13 a factor of 13978?
False
Is 9512 a multiple of 11?
False
Is 3 a factor of 14617?
False
Does 16 divide 17?
False
Is 5524 a multiple of 29?
False
Does 17 divide 3567?
False
Is 5 a factor of 112?
False
Is 10351 a multiple of 145?
False
Does 8 divide 1514?
False
Is 2644 a multiple of 34?
False
Is 4 a factor of 2245?
False
Does 27 divide 999?
True
Is 100 a multiple of 8?
False
Is 41 a factor of 20989?
False
Is 1423 a multiple of 15?
False
Does 8 divide 185?
False
Is 44231 a multiple of 117?
False
Is 7 a factor of 1359?
False
Does 27 divide 2106?
True
Is 792 a multiple of 132?
True
Does 46 divide 8084?
False
Is 23478 a multiple of 26?
True
Is 110 even?
True
Is 8461 a multiple of 53?
False
Does 24 divide 504?
True
Is 2 a factor of 127?
False
Is 58491 a multiple of 67?
True
Is 16 a factor of 710?
False
Does 24 divide 113?
False
Is 53300 a multiple of 68?
False
Does 48 divide 48?
True
Is 76 a factor of 380?
True
Does 64 divide 17856?
True
Is 15 a factor of 45689?
False
Is 23 a factor of 2240?
False
Does 26 divide 5292?
False
Is 66 a factor of 645?
False
Is 12 a factor of 9777?
False
Is 387 a multiple of 10?
False
Does 61 divide 854?
True
Does 343 divide 3087?
True
Does 2 divide 68?
True
Does 5 divide 2754?
False
Is 80 a factor of 18825?
False
Does 3 divide 48?
True
Is 8 a factor of 6444?
False
Does 12 divide 2616?
True
Is 57 a factor of 116713?
False
Does 13 divide 3246?
False
Is 21 a factor of 61?
False
Does 5 divide 3132?
False
Does 10 divide 2038?
False
Does 13 divide 590?
False
Does 291 divide 88552?
False
Is 63 a factor of 882?
True
Is 9 a factor of 234?
True
Is 10899 a multiple of 21?
True
Is 15750 a multiple of 123?
False
Is 659 a multiple of 65?
False
Does 5 divide 320?
True
Is 4885 a multiple of 58?
False
Is 3694 a multiple of 114?
False
Does 127 divide 3302?
True
Is 5 a factor of 346?
False
Does 34 divide 2327?
False
Does 36 divide 1240?
False
Is 5169 a multiple of 25?
False
Is 464 a multiple of 58?
True
Is 328 a multiple of 41?
True
Is 11 a factor of 4499?
True
Does 8 divide 985?
False
Is 765 a multiple of 45?
True
Is 4590 a multiple of 27?
True
Does 15 divide 2641?
False
Does 6 divide 132?
True
Is 89505 a multiple of 85?
True
Does 25 divide 3650?
True
Does 9 divide 9745?
False
Is 3340 a multiple of 31?
False
Does 8 divide 216?
True
Is 8 a factor of 192?
True
Does 14 divide 70?
True
Does 22 divide 9318?
False
Is 56616 a multiple of 21?
True
Is 17405 a multiple of 9?
False
Is 2 a factor of 3091?
False
Is 13 a factor of 39156?
True
Does 45 divide 1388?
False
Is 1338 a multiple of 17?
False
Does 75 divide 9976?
False
Is 519 a multiple of 11?
False
Is 25 a factor of 251?
False
Is 163 a factor of 96333?
True
Is 29767 a multiple of 68?
False
Is 3334 a multiple of 68?
False
Does 34 divide 340?
True
Is 1034 a multiple of 22?
True
Is 12 a factor of 3468?
True
Is 26 a factor of 7227?
False
Is 159 a factor of 2968?
False
Is 66 a factor of 1976?
False
Is 58 a factor of 232?
True
Is 27 a factor of 14719?
False
Is 67 a factor of 49245?
True
Is 56919 a multiple of 77?
False
Is 3467 a multiple of 158?
False
Is 2068 a multiple of 25?
False
Does 65 divide 4023?
False
Does 19 divide 514?
False
Is 25219 a multiple of 20?
False
Is 20386 a multiple of 21?
False
Is 846 a multiple of 9?
True
Is 60840 a multiple of 78?
True
Is 9553 a multiple of 66?
False
Is 448 a multiple of 24?
False
Is 34 a factor of 1070?
False
Is 15 a factor of 72910?
False
Is 10 a factor of 7300?
True
Does 41 divide 3649?
True
Does 3 divide 883?
False
Does 5 divide 5020?
True
Does 163 divide 80522?
True
Is 2280 a multiple of 6?
True
Does 42 divide 210?
True
Is 95 a multiple of 5?
True
Is 52394 a multiple of 134?
True
Is 2078 a multiple of 12?
False
Is 36 a factor of 40071?
False
Does 25 divide 1000?
True
Is 30 a factor of 62333?
False
Is 18 a factor of 8244?
True
Does 46 divide 81908?
False
Does 63 divide 10902?
False
Does 61 divide 786?
False
Is 6 a factor of 419?
False
Does 29 divide 1596?
False
Does 8 divide 1920?
True
Is 2726 a multiple of 58?
True
Does 5 divide 4365?
True
Does 56 divide 18200?
True
Is 8940 a multiple of 19?
False
Is 20259 a multiple of 116?
False
Does 43 divide 4646?
False
Is 13 a factor of 1313?
True
Does 38 divide 1944?
False
Is 154 even?
True
Is 8 a factor of 10932?
False
Is 3 a factor of 4255?
False
Is 36 a factor of 12420?
True
Is 62640 a multiple of 144?
True
Is 5 a factor of 11196?
False
Is 26 a factor of 2275?
False
Does 26 divide 982?
False
Does 115 divide 5883?
False
Does 13 divide 1443?
True
Is 46 a factor of 3048?
False
Does 53 divide 689?
True
Is 345 a multiple of 15?
True
Is 20 a factor of 260?
True
Is 182 a factor of 12740?
True
Does 6 divide 431?
False
Is 9664 a multiple of 302?
True
Is 110 a factor of 622?
False
Does 4 divide 72?
True
Does 12 divide 50682?
False
Is 35 a factor of 657?
False
Does 4 divide 3260?
True
Is 609 a multiple of 21?
True
Is 51 a factor of 1190?
False
Does 8 divide 323?
False
Is 42 a factor of 538?
False
Is 4199 a multiple of 17?
True
Is 29 a factor of 804?
False
Is 127 a factor of 33778?
False
Is 99330 a multiple of 22?
True
Is 40 a factor of 2360?
True
Is 5322 a multiple of 69?
False
Does 146 divide 730?
True
Is 429 a multiple of 5?
False
Is 14 a factor of 4819?
False
Does 50 divide 7350?
True
Does 20 divide 239?
False
Is 7 a factor of 51175?
False
Is 106 a multiple of 6?
False
Is 14 a factor of 36862?
True
Does 5 divide 3628?
False
Is 7366 a multiple of 32?
False
Is 61 a factor of 2055?
False
Does 33 divide 8486?
False
Is 16 a factor of 1024?
True
Does 9 divide 4437?
True
Is 1467 a multiple of 9?
True
Does 2 divide 505?
False
Is 21683 a multiple of 93?
False
Is 15183 a multiple of 166?
False
Is 242 a multiple of 11?
True
Does 32 divide 61954?
False
Is 4 a factor of 3303?
False
Is 29 a factor of 1956?
False
Does 33 divide 858?
True
Is 4484 a multiple of 38?
True
Does 18 divide 57240?
True
Is 546 a multiple of 21?
True
Is 47 a factor of 472?
False
Is 13266 a multiple of 1